{"id":1985,"date":"2016-05-10T14:26:18","date_gmt":"2016-05-10T14:26:18","guid":{"rendered":"http:\/\/www.deriz.de\/erfolg\/?page_id=1985"},"modified":"2020-03-26T09:47:53","modified_gmt":"2020-03-26T09:47:53","slug":"selbstwerttraining","status":"publish","type":"page","link":"https:\/\/www.deriz.de\/erfolg\/kontakt\/ich-bin\/coaching-mit-pep\/selbstwerttraining","title":{"rendered":"SelbstWertTraining mit PEP<sup>\u00ae (nach Dr. Bohne)<\/sup>"},"content":{"rendered":"<p>Selbstwertraining mit <a href=\"https:\/\/www.dr-michael-bohne.de\/was-ist-pep.html\">PEP<sup>\u00ae<\/sup> nach Dr. Michael Bohne<\/a> ist eine fachlich fundierte, hocheffektive und dynamische Methode, Ihr Selbstwertgef\u00fchl aufzufrischen.<\/p>\n<pre>Selbstwertraining mit PEP<sup>\u00ae (nach Dr. Bohne)<\/sup>\n\nein erfrischendes Update f\u00fcr Ihr Selbstwertgef\u00fchl!<\/pre>\n<p>In der Regel gehen wir dazu in 3 Schritten vor:<\/p>\n<p>Wir identifizieren und sammeln zun\u00e4chst Ihre Selbstwert-R\u00e4uber. Nur wer f\u00fcr sich selbst erkennt, was den Selbstwert in Frage stellt, kann diese Selbstwert-R\u00e4uber ihrer Wirkung berauben.<\/p>\n<p>Wir r\u00fctteln an deren &#8222;Unvermeidlichkeit&#8220;, denn auch &#8222;erprobte&#8220; Selbstwert-R\u00e4uber m\u00fcssen keine Dauerg\u00e4ste bleiben.<\/p>\n<p>Wir ermitteln Ihre individuellen und kraftvollen Selbstwert-Spender und tanken damit Ihr Selbstwertgef\u00fchl mit Schwung und frischer Energie wieder neu auf.<\/p>\n<p>Selbstwertraining mit PEP<sup>\u00ae (nach Dr. Bohne)<\/sup> biete ich in zwei Varianten, f\u00fcr Einzelcoachings und f\u00fcr Gruppen an.<\/p>\n<p>Interessiert? Neugierig? Irritiert? Dann freue ich mich auf Ihre Fragen und W\u00fcnsche!<\/p>\n<p>&nbsp;<\/p>\n","protected":false},"excerpt":{"rendered":"<p>Selbstwertraining mit PEP\u00ae nach Dr. Michael Bohne ist eine fachlich fundierte, hocheffektive und dynamische Methode, Ihr Selbstwertgef\u00fchl aufzufrischen. Selbstwertraining mit PEP\u00ae (nach Dr. Bohne) ein erfrischendes Update f\u00fcr Ihr Selbstwertgef\u00fchl! In der Regel gehen wir dazu in 3 Schritten vor: Wir identifizieren und sammeln zun\u00e4chst [&hellip;]<\/p>\n","protected":false},"author":1,"featured_media":0,"parent":1999,"menu_order":4,"comment_status":"closed","ping_status":"closed","template":"","meta":{"footnotes":""},"class_list":["post-1985","page","type-page","status-publish","hentry","clearfix"],"_links":{"self":[{"href":"https:\/\/www.deriz.de\/erfolg\/wp-json\/wp\/v2\/pages\/1985","targetHints":{"allow":["GET"]}}],"collection":[{"href":"https:\/\/www.deriz.de\/erfolg\/wp-json\/wp\/v2\/pages"}],"about":[{"href":"https:\/\/www.deriz.de\/erfolg\/wp-json\/wp\/v2\/types\/page"}],"author":[{"embeddable":true,"href":"https:\/\/www.deriz.de\/erfolg\/wp-json\/wp\/v2\/users\/1"}],"replies":[{"embeddable":true,"href":"https:\/\/www.deriz.de\/erfolg\/wp-json\/wp\/v2\/comments?post=1985"}],"version-history":[{"count":14,"href":"https:\/\/www.deriz.de\/erfolg\/wp-json\/wp\/v2\/pages\/1985\/revisions"}],"predecessor-version":[{"id":2608,"href":"https:\/\/www.deriz.de\/erfolg\/wp-json\/wp\/v2\/pages\/1985\/revisions\/2608"}],"up":[{"embeddable":true,"href":"https:\/\/www.deriz.de\/erfolg\/wp-json\/wp\/v2\/pages\/1999"}],"wp:attachment":[{"href":"https:\/\/www.deriz.de\/erfolg\/wp-json\/wp\/v2\/media?parent=1985"}],"curies":[{"name":"wp","href":"https:\/\/api.w.org\/{rel}","templated":true}]}}