{"id":568,"date":"2011-10-13T22:36:27","date_gmt":"2011-10-13T22:36:27","guid":{"rendered":"http:\/\/www.deriz.de\/erfolg"},"modified":"2018-07-10T10:57:06","modified_gmt":"2018-07-10T10:57:06","slug":"referenzen","status":"publish","type":"page","link":"https:\/\/www.deriz.de\/erfolg\/kontakt\/referenzen","title":{"rendered":"Referenzen"},"content":{"rendered":"<pre>Damit Sie sich ein Bild von meiner Arbeit machen k\u00f6nnen,\r\nlasse ich gerne meine Coachees, Kundinnen und Kunden zu Wort kommen.<\/pre>\n<ul>\n<li>&#8222;Hilfreiche Denkanst\u00f6\u00dfe und alltagstaugliches Instrumentarium! Bin \u00fcberaus motiviert, in mich zu gehen, meine bisherigen \u00dcberzeugungen zu hinterfragen und anstehende Ver\u00e4nderungen zuzulassen bzw. herbeizuf\u00fchren.&#8220; <em>Kfm. Angestellter im berufsbegleitenden Fernstudium<\/em><\/li>\n<\/ul>\n<ul>\n<li>&#8222;Liebe Frau de Riz, einfach herzlichen Dank f\u00fcr Ihre tolle Unterst\u00fctzung und Ihren Einsatz f\u00fcr meine Arbeitsstelle, die ich mir so sehr gew\u00fcnscht habe.&#8220;<br \/>\n<em>Medizinische Assistentin <\/em><\/li>\n<\/ul>\n<ul>\n<li>&#8222;Was sind eigentlich meine Kernkompetenzen? Wo und wie nutze ich diese am effektivsten um erfolgreich zu sein? Welche eigenen und fremden &#8222;Verhinderungsmuster&#8220; kommen mir immer wieder in die Quere? Was kann ich konkret dagegen tun und vor allem: Wie komme ich meinem Ziel auch in kleinen Schritten erfolgreich n\u00e4her?<br \/>\nW\u00e4hrend meines Karriere-Coachings mit Andrea de Riz erarbeiteten wir auf all diese Fragen klare Antworten. Durch die unkomplizierte, flexible und sehr professionelle Zusammenarbeit konnten bisher verschlossene Kompetenzkan\u00e4le ge\u00f6ffnet und unbewu\u00dftes Potenzial zug\u00e4nglich gemacht werden. Mein Resume: Unbedingt empfehlenswert &#8211; beschenken Sie sich selbst und nutzen Sie Ihre Zeit. Es lohnt sich!&#8220;<em><br \/>\nMarketing-Kommunikations-\u00d6konomin<\/em><\/li>\n<\/ul>\n<ul>\n<li>&#8222;Liebe Frau de Riz, an dieser Stelle nochmals ganz herzlichen Dank f\u00fcr Ihre kompetente Hilfe und Ihr erfolgreiches Coaching!! Ohne Ihre Unterst\u00fctzung h\u00e4tte ich das Ziel nicht so einfach erreicht. Die konstruktive Zusammenarbeit mit Ihnen bereitet wirklich Freude, was neben Ihrer fachlichen Kompetenz auch besonders in Ihrer liebenswerten Art begr\u00fcndet liegt.&#8220; <em><br \/>\nBankkauffrau<\/em><\/li>\n<\/ul>\n<ul>\n<li>&#8222;Liebe Frau de Riz, ich m\u00f6chte mich nochmal ganz herzlich f\u00fcr Ihre ausgezeichnete Arbeit bedanken. Mir hat es trotzt mancher inneren psychologischen Sperre in Bezug auf Selbstdarstellung und Selbstwirksamkeitserwartung Spa\u00df gemacht.&#8220;<em> Diplom-Chemiker <\/em><\/li>\n<\/ul>\n<ul>\n<li>&#8222;Liebe Frau de Riz, ich freue mich Ihnen mitteilen zu k\u00f6nnen, dass ich die Anstellung als P\u00e4dagogin bekommen habe. Ich wollte mich au\u00dferdem nochmal pers\u00f6nlich f\u00fcr Ihre tolle Unterst\u00fctzung bedanken, die mir sehr vieles aufgezeigt hat.&#8220;<em><br \/>\nerfolgreiche Berufseinsteigerin <\/em><\/li>\n<\/ul>\n<ul>\n<li>&#8222;Ich fand das Seminar sehr gewinnbringend und es gab mir mehr Selbstvertrauen [&#8230;]. Sie haben eine angenehme, wohltuende Art. [&#8230;] Sie hetzten nie und es war erstaunlich, dass Sie trotz vieler Fragen, Ihr Programm &#8222;durchziehen&#8220; konnten, man aber nie das Gef\u00fchl hatte, dass Sie es jetzt eilig h\u00e4tten. Ihre Antworten auf die Fragen zeigten, dass Sie<br \/>\na. wissen, von was Sie sprechen<br \/>\nb. sie Ihr Wissen genau parat haben<br \/>\nc. sie Ihr Arbeitsgebiet beherrschen<br \/>\nd. sie daran Spa\u00df hatten, Menschen Ihr Wissen weiterzugeben und zu helfen bzw. Denkanst\u00f6\u00dfe zu geben, die Dinge mal von einer anderen Seite zu sehen.<br \/>\nDass Sie ab und zu mal lachten, lockerte das Ganze sehr auf.<br \/>\nIch finde Sie sehr professionell.&#8220;<em><br \/>\nStudent<\/em><\/li>\n<\/ul>\n<ul>\n<li>&#8222;Auch ich fand Ihren Vortragsstil sehr ansprechend, lebendig und angenehm. Dar\u00fcber hinaus wirkten Sie nach meinem Eindruck sicher, souver\u00e4n, aber stets mit engagiertem Bezug zu den Teilnehmern. Ihr Formulieren empfand ich angenehm sicher und eindeutig und gleichzeitig mit sympatischen &#8222;Saloppheiten&#8220; versehen, bringt Dynamik und nimmt Druck heraus. [&#8230;] die Besprechung von Teilnehmerpr\u00e4sentationen, welche ich super fand. Eine tolle Gelegenheit f\u00fcr die Teilnehmer, einen fachkundig-konstruktiven Kommentar zu bekommen.&#8220;<em> Klavierstimmer <\/em><\/li>\n<\/ul>\n<ul>\n<li>&#8222;Super hat mir der Aufbau und die Inhalte des Trainings gefallen. Im Grunde wurde alles besprochen, was mir wichtig war oder in Zukunft wichtig werden k\u00f6nnte. Sch\u00f6n, dass man immer alles nachfragen konnte und auch immer eine kompetente Antwort erhalten hat. [&#8230;] werden mir viele Ihrer Tipps im Ged\u00e4chtnis bleiben.&#8220;<em><br \/>\nStudentin<\/em><\/li>\n<\/ul>\n","protected":false},"excerpt":{"rendered":"<p>Damit Sie sich ein Bild von meiner Arbeit machen k\u00f6nnen, lasse ich gerne meine Coachees, Kundinnen und Kunden zu Wort kommen. &#8222;Hilfreiche Denkanst\u00f6\u00dfe und alltagstaugliches Instrumentarium! Bin \u00fcberaus motiviert, in mich zu gehen, meine bisherigen \u00dcberzeugungen zu hinterfragen und anstehende Ver\u00e4nderungen zuzulassen bzw. herbeizuf\u00fchren.&#8220; Kfm. [&hellip;]<\/p>\n","protected":false},"author":1,"featured_media":0,"parent":184,"menu_order":2,"comment_status":"closed","ping_status":"open","template":"","meta":{"footnotes":""},"class_list":["post-568","page","type-page","status-publish","hentry","clearfix"],"_links":{"self":[{"href":"https:\/\/www.deriz.de\/erfolg\/wp-json\/wp\/v2\/pages\/568","targetHints":{"allow":["GET"]}}],"collection":[{"href":"https:\/\/www.deriz.de\/erfolg\/wp-json\/wp\/v2\/pages"}],"about":[{"href":"https:\/\/www.deriz.de\/erfolg\/wp-json\/wp\/v2\/types\/page"}],"author":[{"embeddable":true,"href":"https:\/\/www.deriz.de\/erfolg\/wp-json\/wp\/v2\/users\/1"}],"replies":[{"embeddable":true,"href":"https:\/\/www.deriz.de\/erfolg\/wp-json\/wp\/v2\/comments?post=568"}],"version-history":[{"count":18,"href":"https:\/\/www.deriz.de\/erfolg\/wp-json\/wp\/v2\/pages\/568\/revisions"}],"predecessor-version":[{"id":2289,"href":"https:\/\/www.deriz.de\/erfolg\/wp-json\/wp\/v2\/pages\/568\/revisions\/2289"}],"up":[{"embeddable":true,"href":"https:\/\/www.deriz.de\/erfolg\/wp-json\/wp\/v2\/pages\/184"}],"wp:attachment":[{"href":"https:\/\/www.deriz.de\/erfolg\/wp-json\/wp\/v2\/media?parent=568"}],"curies":[{"name":"wp","href":"https:\/\/api.w.org\/{rel}","templated":true}]}}